 = -5*c + 30 + 18, 5*l - 31 = c. What is the remainder when l is divided by 5?
2
Let s(l) = 5*l - 15*l + 1 + 19*l + 38*l. What is the remainder when s(1) is divided by 10?
8
Suppose 0 = 2*w - 128 + 28. Calculate the remainder when w is divided by 26.
24
Let x = 13 - 11. Suppose -x*a - 4*z = -3*a + 8, -2*a - 4*z = -52. What is the remainder when a is divided by 11?
9
Let z = -107 + 121. Calculate the remainder when 53 is divided by z.
11
Suppose -5*f + f = -292. What is the remainder when f is divided by 15?
13
Let g be (-1250)/45 - (-2)/(-9). Calculate the remainder when 18 is divided by g/98 - (-102)/14.
4
Let f(h) = -20*h - 9. Calculate the remainder when f(-2) is divided by 8.
7
Suppose -5*c - 58 = -3*c. Let t = 48 + c. Suppose h - 180 = -4*h. Calculate the remainder when h is divided by t.
17
Suppose 2*t - 8 = 6. Let r(h) = -h**3 - 4*h**2 - 6*h - 6. Calculate the remainder when r(-4) is divided by t.
4
Let q = 94 + -85. Calculate the remainder when q is divided by 2.
1
Suppose 0*x = 6*x - 426. What is the remainder when x is divided by 24?
23
Let i = -4 - -2. Let p = i - -17. Suppose -2*k - 3*k + 40 = 0. Calculate the remainder when p is divided by k.
7
Let z(q) = -48*q - 1. Let l be ((-12)/10)/((-42)/3500). Suppose -5*k - 20 + l = 0. Calculate the remainder when z(-1) is divided by k.
15
Let u be 6*-1*13/3. Let x = u - -43. Calculate the remainder when x is divided by 9.
8
Calculate the remainder when 41 - (-3 + (-6)/6) is divided by 12.
9
Let j = 12 + -6. Suppose 2*h - j*h + 56 = 0. Calculate the remainder when 41 is divided by h.
13
Let n = -12 + 17. Let b = 8 - n. What is the remainder when (b/2)/((-2)/(-4)) is divided by 2?
1
Let o = -45 - -69. What is the remainder when 95 is divided by o?
23
Let l = 0 - -4. Suppose -2*q - 22 = -l*q. What is the remainder when 30 is divided by q?
8
Suppose 0 = 2*p - 7*p + 10. Suppose -4*q + 148 = p*a, 58 = -0*q + 2*q - 3*a. Calculate the remainder when 69 is divided by q.
34
Suppose -2*o - 4*q = -21 - 11, -2*o = 5*q - 37. Calculate the remainder when 23 + -2 + -1 + 2 is divided by o.
4
Let f(p) = -9*p**3 + p**2 - 2*p - 1. Let l(t) = t**2 + 2*t - 4. Calculate the remainder when f(-2) is divided by l(-6).
19
Let j be 2 + 6/(-3) - 0. Let p be 3 + 0 + (2 - j). Suppose -10 = -p*o - x + 8, 0 = -2*x + 6. Calculate the remainder when 8 is divided by o.
2
What is the remainder when 46 is divided by (-376)/(-24) + 2/6?
14
Let d be (-3)/2 + 19/(-2). Let m = 16 + d. Suppose 0 = p + 4 - m. Calculate the remainder when 3 is divided by p.
0
Let w(c) = -11*c - 1. What is the remainder when 57 is divided by w(-1)?
7
Suppose -7 + 39 = 4*n. What is the remainder when 6 is divided by (0 + n/(-2))*-1?
2
Suppose 35 = 2*k - 5. Calculate the remainder when k is divided by 6.
2
Let j(i) = i**3 - 9*i**2 + 7*i + 6. Let a be j(8). Let p(v) = -7*v - 3. Calculate the remainder when 21 is divided by p(a).
10
Let o = 1 - 1. Suppose -b + o = -22. Let k(p) = -p**2 + 13*p + 8. Calculate the remainder when b is divided by k(13).
6
Let w = 50 - 22. Suppose -a = a - w. Calculate the remainder when 54 is divided by a.
12
Suppose n + 0*w - w - 31 = 0, 0 = 3*n + 2*w - 98. Calculate the remainder when n is divided by 12.
8
Suppose -7 = -3*u + 65. Let l = -8 + u. Suppose 2*q = q + 46. Calculate the remainder when q is divided by l.
14
Let p be ((-35)/20)/(1/(-16)). Let l = 31 - p. What is the remainder when 10 is divided by l?
1
Let y = -4 - -23. Let m be ((-1)/(-4))/(2/8). Let w = m - -6. Calculate the remainder when y is divided by w.
5
Suppose -2*f + 33 = -f. Suppose 5*x + 3*c = 2*x + f, 5*x + 2*c - 55 = 0. Calculate the remainder when 41 is divided by x.
8
Calculate the remainder when 49 is divided by 2 + -2 + -1 + 2 + 17.
13
Suppose 4*d + 3*z - 1720 = -480, -3*z - 930 = -3*d. Let t be d/12 - 3/(-18). Suppose 0 = -2*u + t + 2. What is the remainder when 27 is divided by u?
13
Suppose -10*t - 5 = -2*p - 5*t, -t = -3. Calculate the remainder when p is divided by 4.
2
Let g be -2*(-43)/(-4)*2. Let z = g + 82. Calculate the remainder when z is divided by 14.
11
Suppose -4*p = -8, j + 4*j = 4*p + 7. Suppose -j*x - g = -99, -115 - 15 = -4*x - 2*g. Calculate the remainder when x is divided by 12.
10
Let o(z) = -27*z - 1 + 36*z + 35*z. Calculate the remainder when o(1) is divided by -4*1*(-15)/4.
13
What is the remainder when (8/(-2))/(4/(-146)) is divided by (((-925)/15)/5)/(2/(-6))?
35
Suppose 5*q - 46 = -2*o, -3*o + 15 - 51 = -3*q. Calculate the remainder when 47 is divided by q.
7
What is the remainder when 74 is divided by 1 - -2 - (2 - 18)?
17
Suppose 5*w = -3*z + 88, -5*z + 0*z - 100 = -4*w. Calculate the remainder when w is divided by 6.
2
Let b be 46/(-5) + 2/10. Let w = -7 - b. Suppose 3*j = -w*k + 29, -2*j + 0*j + 2 = 0. What is the remainder when k is divided by 7?
6
Let w(x) = x - 16. Let j be w(11). Let k(f) = f**2 + 5. Calculate the remainder when k(j) is divided by 16.
14
Let r = 9 - -3. Let x = 81 - 47. Calculate the remainder when x is divided by r.
10
Let u = 37 + -11. What is the remainder when 75 is divided by u?
23
Suppose 5*h - 3*j = -j + 313, -187 = -3*h + j. Let t(w) = -w**3 - 2*w**2 + 5*w + 4. Calculate the remainder when h is divided by t(-4).
13
Suppose -2*d = 5*a - 17, -5*a = -d - 3*d - 11. Let p(i) = i**3 + 2 + i - 4*i**2 - 2*i - 4*i. What is the remainder when a is divided by p(5)?
1
Suppose -1 = -5*u + 19. Calculate the remainder when 15 is divided by u.
3
Suppose s = -4*q - 6, 5*q + 4*s = -0*s - 13. Let o = q - -26. Suppose b - 2 = 11. Calculate the remainder when o is divided by b.
12
Let p = 9 + 7. What is the remainder when 28 is divided by p?
12
Let p be 16 - -1 - (2 + -1). Let o = -2 + -8. Let i = o + p. What is the remainder when 11 is divided by i?
5
Let w be (-1)/(1 + 12/(-10)). Suppose -4*i - l + w = 0, -i - 3*l = l - 5. Calculate the remainder when 11 is divided by (i + -2)*(-9 - -2).
4
Let g(r) = -r**3 - r**2 - r + 3. Let n be g(0). Let v = n + -1. Calculate the remainder when 6 + -1 - 0/(-2) is divided by v.
1
Suppose 23 = 2*g - 15. What is the remainder when 73 is divided by g?
16
Let j(a) = -33*a**3 + a. Let v be j(-1). Suppose -5*k = -38 - v. What is the remainder when 53 is divided by k?
11
Suppose o + 5*s - 3 = 0, 0*o + 4*s = 4*o - 12. Suppose -5*v + 84 = 3*w - o, 0 = -w - v + 27. Suppose p + 52 = 5*p. What is the remainder when w is divided by p?
11
Let d be (-6)/9*3/(-1). Let p = d - 0. Calculate the remainder when 4 is divided by p.
0
Let r = 1 + 1. Calculate the remainder when 6 is divided by r.
0
Suppose 0 = -3*b - 7*f + 11*f + 124, 0 = -2*b + 2*f + 84. Calculate the remainder when 218 is divided by b.
42
Let q(n) = -6*n + 1. Suppose 4*j + 5*a - 15 = 218, 0 = 2*j - a - 99. Suppose 2*b - j = -2*b. Calculate the remainder when q(-6) is divided by b.
11
Suppose -4*r - r + 10 = 0. Let i be 1*(1 + -2 + 1). Suppose 2 + i = 2*s. What is the remainder when r is divided by s?
0
Let y(z) = 2*z**2 - z + 4. Let a(u) = -2*u - 2. Let b be a(-2). Suppose b*t - 16 = 18. Calculate the remainder when y(4) is divided by t.
15
Suppose 5*j = -3*r + 33, 0 = -3*j - 4*r + 12 + 10. What is the remainder when 10 is divided by j?
4
Let m(v) = 5*v + 8. Let l be 4/(-18) - 168/(-27). What is the remainder when m(l) is divided by 13?
12
Let q = -7 + 14. What is the remainder when 9 is divided by q?
2
Let p(s) = 2*s**3 + 2*s**2 + 2*s - 1. Let j be p(-2). Let q = j + 29. What is the remainder when 3/(-2)*(-19 - 1) is divided by q?
14
Let f(v) = 5*v**2 + 2*v - 8. Calculate the remainder when 93 is divided by f(2).
13
Suppose 2*o + 950 = 4*i, -2*i + 3*o = -7*i + 1204. Let b = -71 + i. Suppose 2*s - 44 = -5*h, -s - 4*s = -2*h - b. What is the remainder when s is divided by 11?
10
Let q(t) = 5*t**3 + 3*t**2 + 7*t**2 - 13 - 4*t**3 + 5*t. Let i be q(-9). Suppose -i = -2*s + 51. Calculate the remainder when s is divided by 13.
11
Suppose -2*p + 14 = 6. Calculate the remainder when 15 is divided by p.
3
Suppose -5*l = -5*q + 40, 2*q + 4*l + 4 = 2*l. Let j(d) = d + 1. Calculate the remainder when j(7) is divided by q.
2
Let a = 35 - -15. What is the remainder when a is divided by 17?
16
Suppose q - 5*g + 2 = -0*g, -5*q = -3*g - 56. Let u = 11 + -7. Suppose -u*v = -195 + 43. Calculate the remainder when v is divided by q.
12
Let 